of 1373504?
2, 11, 1951
What are the prime factors of 642848?
2, 20089
What are the prime factors of 10540097?
10540097
List the prime factors of 105691.
105691
List the prime factors of 9063752.
2, 1132969
What are the prime factors of 11364031?
7, 231919
List the prime factors of 86246.
2, 29, 1487
List the prime factors of 1363971.
3, 7, 64951
What are the prime factors of 1151281?
157, 7333
List the prime factors of 311146.
2, 11, 14143
List the prime factors of 23267852.
2, 179, 32497
List the prime factors of 1156831.
13, 23, 53, 73
What are the prime factors of 3386518?
2, 41, 41299
List the prime factors of 1338670.
2, 5, 263, 509
What are the prime factors of 1683516?
2, 3, 239, 587
List the prime factors of 3148524.
2, 3, 29153
What are the prime factors of 2134428?
2, 3, 83, 2143
List the prime factors of 150286.
2, 163, 461
List the prime factors of 8883518.
2, 7, 197, 3221
What are the prime factors of 9225277?
23, 29, 13831
What are the prime factors of 218372?
2, 7, 11, 709
List the prime factors of 316756.
2, 11, 23, 313
List the prime factors of 36336622.
2, 7, 2595473
What are the prime factors of 54652?
2, 13, 1051
List the prime factors of 11498291.
7, 234659
List the prime factors of 616145.
5, 123229
List the prime factors of 109471.
109471
What are the prime factors of 411044?
2, 102761
List the prime factors of 2136084.
2, 3, 17, 37, 283
What are the prime factors of 14169966?
2, 3, 577, 4093
List the prime factors of 1094262.
2, 3, 13, 14029
List the prime factors of 15784993.
7, 17, 132647
What are the prime factors of 28370877?
3, 9456959
What are the prime factors of 10469454?
2, 3, 83, 21023
What are the prime factors of 471342?
2, 3, 17, 4621
List the prime factors of 2164611.
3, 37, 19501
What are the prime factors of 627909?
3, 311, 673
What are the prime factors of 52697?
52697
What are the prime factors of 5271093?
3, 585677
What are the prime factors of 43988242?
2, 971, 22651
What are the prime factors of 250055?
5, 13, 3847
What are the prime factors of 673515?
3, 5, 1663
List the prime factors of 143235.
3, 5, 1061
What are the prime factors of 920379?
3, 19, 67, 241
List the prime factors of 349478.
2, 197, 887
What are the prime factors of 7810447?
113, 69119
What are the prime factors of 3227226?
2, 3, 19, 28309
List the prime factors of 126793.
103, 1231
List the prime factors of 556904.
2, 67, 1039
What are the prime factors of 8563617?
3, 317171
List the prime factors of 6762180.
2, 3, 5, 43, 2621
List the prime factors of 73612.
2, 7, 11, 239
List the prime factors of 16893012.
2, 3, 1407751
What are the prime factors of 7794997?
7, 19, 29, 43, 47
List the prime factors of 446354.
2, 67, 3331
What are the prime factors of 226344?
2, 3, 9431
List the prime factors of 1749181.
7, 17, 14699
What are the prime factors of 2193337?
2193337
What are the prime factors of 685508?
2, 17, 593
What are the prime factors of 748364?
2, 187091
List the prime factors of 4060819.
7, 163, 3559
List the prime factors of 1128793.
43, 26251
List the prime factors of 5708207.
43, 132749
List the prime factors of 654044.
2, 113, 1447
List the prime factors of 5276099.
271, 19469
What are the prime factors of 599056?
2, 37441
List the prime factors of 5123815.
5, 127, 8069
List the prime factors of 188237.
7, 26891
List the prime factors of 2627050.
2, 5, 52541
List the prime factors of 881810.
2, 5, 109, 809
List the prime factors of 24021.
3, 17, 157
List the prime factors of 7779520.
2, 5, 7, 23, 151
List the prime factors of 335965.
5, 7, 29, 331
What are the prime factors of 5785644?
2, 3, 17, 79, 359
What are the prime factors of 774478?
2, 19, 89, 229
List the prime factors of 65943.
3, 17, 431
What are the prime factors of 5090212?
2, 229, 5557
List the prime factors of 4548548.
2, 1137137
What are the prime factors of 60854?
2, 30427
What are the prime factors of 198054?
2, 3, 11003
What are the prime factors of 643064?
2, 31, 2593
What are the prime factors of 2090429?
11, 59, 3221
List the prime factors of 7851084.
2, 3, 654257
List the prime factors of 60868.
2, 15217
What are the prime factors of 317916?
2, 3, 8831
List the prime factors of 411343.
439, 937
What are the prime factors of 3926632?
2, 490829
What are the prime factors of 128434?
2, 64217
List the prime factors of 105666.
2, 3, 11, 1601
What are the prime factors of 5593683?
3, 101, 18461
List the prime factors of 254166.
2, 3, 11, 3851
What are the prime factors of 35548885?
5, 1777, 4001
List the prime factors of 34277.
151, 227
List the prime factors of 1202568.
2, 3, 89, 563
What are the prime factors of 140631?
3, 46877
What are the prime factors of 6816217?
127, 191, 281
List the prime factors of 4186619.
47, 281, 317
What are the prime factors of 230733?
3, 31, 827
List the prime factors of 17048558.
2, 8524279
What are the prime factors of 5638474?
2, 61, 113, 409
What are the prime factors of 315116?
2, 78779
List the prime factors of 7639030.
2, 5, 7, 61, 1789
List the prime factors of 13834.
2, 6917
What are the prime factors of 9676230?
2, 3, 5, 17, 18973
What are the prime factors of 2239724?
2, 107, 5233
What are the prime factors of 3643991?
13, 19, 14753
List the prime factors of 1001240.
2, 5, 25031
What are the prime factors of 3968000?
2, 5, 31
List the prime factors of 6482501.
6482501
What are the prime factors of 1399832?
2, 7, 3571
List the prime factors of 502442.
2, 251221
List the prime factors of 296619.
3, 98873
What are the prime factors of 5697800?
2, 5, 31, 919
What are the prime factors of 4427618?
2, 13, 170293
What are the prime factors of 7409045?
5, 7, 30241
What are the prime factors of 2212030?
2, 5, 221203
What are the prime factors of 258863?
11, 101, 233
List the prime factors of 20691651.
3, 23, 83, 3613
List the prime factors of 4263856.
2, 266491
What are the prime factors of 564252?
2, 3, 13, 3617
List the prime factors of 1702135.
5, 67, 5081
What are the prime factors of 351679?
17, 137, 151
List the prime factors of 321717.
3, 11, 9749
List the prime factors of 17271043.
47, 367469
What are the prime factors of 1355657?
1355657
What are the prime factors of 1263094?
2, 7, 83, 1087
List the prime factors of 1978153.
1978153
What are the prime factors of 375417?
3, 7, 59, 101
What are the prime factors of 7350879?
3, 2450293
What are the prime factors of 52729?
67, 787
What are the prime factors of 14916?
2, 3, 11, 113
List the prime factors of 1767846.
2, 3, 294641
What are the prime factors of 4221318?
2, 3, 251, 2803
What are the prime factors of 23763105?
3, 5, 176023
What are the prime factors of 15986350?
2, 5, 319727
What are the prime factors of 21736?
2, 11, 13, 19
What are the prime factors of 124560?
2, 3, 5, 173
List the prime factors of 227813.
409, 557
What are the prime factors of 231548?
2, 107, 541
What are the prime factors of 4565519?
7, 652217
List the prime factors of 12631624.
2, 149, 10597
What are the prime factors of 571474?
2, 29, 59, 167
List the prime factors of 18333464.
2, 2291683
What are the prime factors of 2715567?
3, 905189
What are the prime factors of 185763?
3, 19, 3259
What are the prime factors of 7788547?
13, 43, 13933
What are the prime factors of 653411?
11, 191, 311
List the prime factors of 2135334.
2, 3, 19, 18731
List the prime factors of 24761.
11, 2251
What are the prime factors of 96532?
2, 24133
List the prime factors of 1410182.
2, 229, 3079
List the prime factors of 416517.
3, 17, 8167
List the prime factors of 60654.
2, 3, 11, 919
What are the prime factors of 520662?
2, 3, 107, 811
What are the prime factors of 534681?
3, 7, 23, 41
List the prime factors of 937026.
2, 3, 52057
What are the prime factors of 46595?
5, 9319
What are the prime factors of 1018498?
2, 13, 43, 911
List the prime factors of 139866.
2, 3, 23311
List the prime factors of 129620.
2, 5, 6481
List the prime factors of 1373426.
2, 347, 1979
What are the prime factors of 22183?
7, 3169
List the prime factors of 37347205.
5, 7, 1067063
What are the prime factors of 467458?
2, 37, 6317
List the prime factors of 29332683.
3, 1097, 2971
What are the prime factors of 205521?
3, 68507
What are the prime factors of 2451531?
3, 293, 2789
List the prime factors of 843154.
2, 13, 3242